{"id":5343,"date":"2022-05-31T14:47:55","date_gmt":"2022-05-31T12:47:55","guid":{"rendered":"https:\/\/fmgraphicdesign.it\/shop\/?page_id=5343"},"modified":"2024-04-29T16:33:58","modified_gmt":"2024-04-29T14:33:58","slug":"zerbino-con-logo","status":"publish","type":"page","link":"https:\/\/fmgraphicdesign.it\/shop\/zerbino-con-logo\/","title":{"rendered":"Zerbino con logo"},"content":{"rendered":"<p><a href=\"https:\/\/fmgraphicdesign.it\/shop\/wp-content\/uploads\/2022\/05\/zerbini_int.jpg\"><img fetchpriority=\"high\" decoding=\"async\" class=\"aligncenter wp-image-5115 size-large\" title=\"zerbino con logo\" src=\"https:\/\/fmgraphicdesign.it\/shop\/wp-content\/uploads\/2022\/05\/zerbini_int-1024x512.jpg\" alt=\"\" width=\"810\" height=\"405\" srcset=\"https:\/\/fmgraphicdesign.it\/shop\/wp-content\/uploads\/2022\/05\/zerbini_int-1024x512.jpg 1024w, https:\/\/fmgraphicdesign.it\/shop\/wp-content\/uploads\/2022\/05\/zerbini_int-600x300.jpg 600w, https:\/\/fmgraphicdesign.it\/shop\/wp-content\/uploads\/2022\/05\/zerbini_int-300x150.jpg 300w, https:\/\/fmgraphicdesign.it\/shop\/wp-content\/uploads\/2022\/05\/zerbini_int-768x384.jpg 768w, https:\/\/fmgraphicdesign.it\/shop\/wp-content\/uploads\/2022\/05\/zerbini_int-64x32.jpg 64w, https:\/\/fmgraphicdesign.it\/shop\/wp-content\/uploads\/2022\/05\/zerbini_int-180x90.jpg 180w, https:\/\/fmgraphicdesign.it\/shop\/wp-content\/uploads\/2022\/05\/zerbini_int.jpg 1200w\" sizes=\"(max-width: 810px) 100vw, 810px\" \/><\/a><\/p>\n<h2><em>Zerbino con logo, <a href=\"https:\/\/it.wikipedia.org\/wiki\/Polimetilmetacrilato\" target=\"_blank\" rel=\"noopener\">Zerbini<\/a> Personalizzati<\/em><\/h2>\n<p>Realizziamo zerbini personalizzati con logo, sia artigianali che stampati. Lo zerbino con logo, che garantisce 700\/800 passaggi giornalieri, \u00e8 raccomandato per tutti i tipi di agenti atmosferici. Utilizziamo materiali di qualit\u00e0 professionale.<\/p>\n<p>I nostri tappeti sono particolarmente adatti per negozi, uffici, negozi, centri commerciali, hotel, ristoranti, agenzie immobiliari, uffici di ogni tipo, ecc.<\/p>\n<p>Gli <a href=\"https:\/\/it.wikipedia.org\/wiki\/Zerbino\" target=\"_blank\" rel=\"noopener\">zerbini<\/a> con logo intarsiati, inoltre, sono ideali per dare lustro all&#8217;immagine del proprio brand.<\/p>\n<p>&nbsp;<\/p>\n<h2><em>Zerbino con logo<\/em><\/h2>\n<p>Puoi scegliere il colore, la sagomatura e il materiale.<\/p>\n<p>Realizziamo z<em>erbini da interno<\/em>\u00a0e\u00a0<strong>zerbini da esterno. <\/strong>Non tutti i loghi sono riproducibili con la tecnica ad intarsio, ecco perch\u00e8 abbiamo aggiunto anche gli zerbini stampati.<\/p>\n<p>Rivolgiti a dei professionisti, richiedi un preventivo gratuito, chiamaci al 3473341114 o scrivi nella chat.<\/p>\n<p style=\"text-align: center;\"><a href=\"https:\/\/fmgraphicdesign.it\/shop\/wp-content\/uploads\/2021\/07\/slazzer-edit-image.png\"><img decoding=\"async\" class=\"alignnone size-medium wp-image-5396\" src=\"https:\/\/fmgraphicdesign.it\/shop\/wp-content\/uploads\/2021\/07\/slazzer-edit-image-300x225.png\" alt=\"\" width=\"300\" height=\"225\" srcset=\"https:\/\/fmgraphicdesign.it\/shop\/wp-content\/uploads\/2021\/07\/slazzer-edit-image-300x225.png 300w, https:\/\/fmgraphicdesign.it\/shop\/wp-content\/uploads\/2021\/07\/slazzer-edit-image-64x48.png 64w, https:\/\/fmgraphicdesign.it\/shop\/wp-content\/uploads\/2021\/07\/slazzer-edit-image-120x90.png 120w, https:\/\/fmgraphicdesign.it\/shop\/wp-content\/uploads\/2021\/07\/slazzer-edit-image.png 577w\" sizes=\"(max-width: 300px) 100vw, 300px\" \/><\/a><\/p>\n<h5><\/h5>\n<h2 class=\"cell\" title=\"zerbino personalizzato con logo\"><span class=\"cell-value\">Zerbino personalizzato con logo<\/span><\/h2>\n<p>Realizziamo zerbini su misura personalizzati. Adatti sia per l&#8217;interno che per l&#8217;esterno. Scegli la migliore soluzione sul mercato<\/p>\n<p>&nbsp;<\/p>\n<div class=\"wp-gr rpi wpac\" data-id=\"ChIJByc2x-FsiEcR_op7yvhaLLc\" data-layout=\"list\" data-exec=\"false\" data-options='{&quot;text_size&quot;:&quot;25&quot;,&quot;trans&quot;:{&quot;read more&quot;:&quot;leggi tutto&quot;}}'><svg xmlns=\"http:\/\/www.w3.org\/2000\/svg\" style=\"display:none!important\"><symbol id=\"grw-tripadvisor\" viewBox=\"0 0 713.496 713.496\"><g><circle fill=\"#34E0A1\" cx=\"356.749\" cy=\"356.748\" r=\"356.748\"\/><path d=\"M577.095,287.152l43.049-46.836h-95.465c-47.792-32.646-105.51-51.659-167.931-51.659   c-62.342,0-119.899,19.054-167.612,51.659H93.432l43.049,46.836c-26.387,24.075-42.929,58.754-42.929,97.259   c0,72.665,58.914,131.578,131.579,131.578c34.519,0,65.968-13.313,89.446-35.077l42.172,45.919l42.172-45.879   c23.478,21.764,54.887,35.037,89.406,35.037c72.665,0,131.658-58.913,131.658-131.578   C620.024,345.866,603.483,311.188,577.095,287.152z M225.17,473.458c-49.188,0-89.047-39.859-89.047-89.047   s39.86-89.048,89.047-89.048c49.187,0,89.047,39.86,89.047,89.048S274.357,473.458,225.17,473.458z M356.788,381.82   c0-58.595-42.61-108.898-98.853-130.383c30.413-12.716,63.776-19.771,98.813-19.771s68.439,7.055,98.853,19.771   C399.399,272.962,356.788,323.226,356.788,381.82z M488.367,473.458c-49.188,0-89.048-39.859-89.048-89.047   s39.86-89.048,89.048-89.048s89.047,39.86,89.047,89.048S537.554,473.458,488.367,473.458z M488.367,337.694   c-25.79,0-46.677,20.887-46.677,46.677c0,25.789,20.887,46.676,46.677,46.676c25.789,0,46.676-20.887,46.676-46.676   C535.042,358.621,514.156,337.694,488.367,337.694z M271.846,384.411c0,25.789-20.887,46.676-46.676,46.676   s-46.676-20.887-46.676-46.676c0-25.79,20.887-46.677,46.676-46.677C250.959,337.694,271.846,358.621,271.846,384.411z\"\/><\/g><\/symbol><symbol id=\"grw-google\" viewBox=\"0 0 512 512\"><g fill=\"none\" fill-rule=\"evenodd\"><path d=\"M482.56 261.36c0-16.73-1.5-32.83-4.29-48.27H256v91.29h127.01c-5.47 29.5-22.1 54.49-47.09 71.23v59.21h76.27c44.63-41.09 70.37-101.59 70.37-173.46z\" fill=\"#4285f4\"\/><path d=\"M256 492c63.72 0 117.14-21.13 156.19-57.18l-76.27-59.21c-21.13 14.16-48.17 22.53-79.92 22.53-61.47 0-113.49-41.51-132.05-97.3H45.1v61.15c38.83 77.13 118.64 130.01 210.9 130.01z\" fill=\"#34a853\"\/><path d=\"M123.95 300.84c-4.72-14.16-7.4-29.29-7.4-44.84s2.68-30.68 7.4-44.84V150.01H45.1C29.12 181.87 20 217.92 20 256c0 38.08 9.12 74.13 25.1 105.99l78.85-61.15z\" fill=\"#fbbc05\"\/><path d=\"M256 113.86c34.65 0 65.76 11.91 90.22 35.29l67.69-67.69C373.03 43.39 319.61 20 256 20c-92.25 0-172.07 52.89-210.9 130.01l78.85 61.15c18.56-55.78 70.59-97.3 132.05-97.3z\" fill=\"#ea4335\"\/><path d=\"M20 20h472v472H20V20z\"\/><\/g><\/symbol><\/svg><div class=\"wp-google-list\"><div class=\"grw-header\"><div class=\"grw-header-inner rpi-flx rpi-row12\"><div class=\"grw-img-wrap\"><img loading=\"lazy\" decoding=\"async\" class=\"grw-img\" src=\"https:\/\/fmgraphicdesign.it\/shop\/wp-content\/uploads\/2021\/06\/cropped-Fm-Logo-Sho.png\" loading=\"lazy\" alt=\"FM Graphic Design snc place picture\" width=\"50\" height=\"50\" onerror=\"if(this.src!='data:image\/gif;base64,R0lGODlhAQABAIAAAAAAAP\/\/\/yH5BAEAAAAALAAAAAABAAEAAAIBRAA7')this.src='data:image\/gif;base64,R0lGODlhAQABAIAAAAAAAP\/\/\/yH5BAEAAAAALAAAAAABAAEAAAIBRAA7';\" ><\/div><div class=\"rpi-flx rpi-col8\"><div class=\"wp-google-name\"><a href=\"https:\/\/maps.google.com\/?cid=13199024632511564542\" target=\"_blank\" rel=\"nofollow noopener\">FM Graphic Design snc<\/a><\/div><span class=\"rpi-stars\" style=\"--rating:5.0\">5.0<\/span><div class=\"wp-google-based\">Basato su 60 recensioni<\/div><div class=\"wp-google-powered\">powered by <span><span style=\"color:#3c6df0!important\">G<\/span><span style=\"color:#d93025!important\">o<\/span><span style=\"color:#fb8e28!important\">o<\/span><span style=\"color:#3c6df0!important\">g<\/span><span style=\"color:#188038!important\">l<\/span><span style=\"color:#d93025!important\">e<\/span><\/span><\/div><div class=\"wp-google-wr\"><a href=\"https:\/\/search.google.com\/local\/writereview?placeid=ChIJByc2x-FsiEcR_op7yvhaLLc\" target=\"_blank\" rel=\"nofollow noopener\" onclick=\"return rplg_leave_review_window.call(this)\">lascia una recensione su<svg height=\"16\" width=\"16\" role=\"none\"><use href=\"#grw-google\"><\/use><\/svg><\/a><\/div><\/div><\/div><\/div><\/div><\/div>\n<section id=\"tag_cloud-3\" class=\"widget widget_tag_cloud\">\n<div class=\"tagcloud\">\n<h2 style=\"text-align: center;\"><a class=\"tag-cloud-link tag-link-104 tag-link-position-7\" style=\"font-size: 15.179487179487pt; background-color: #2e3c54; color: #ffffff;\" href=\"https:\/\/fmgraphicdesign.it\/shop\/prodotto\/zerbino-personalizzato\/\" aria-label=\"targhe (4 elementi)\">Guarda le tipologie di Zerbini<\/a><\/h2>\n<\/div>\n<\/section>\n<p>&nbsp;<\/p>\n<p>I nostri Zerbini sono professionali, durevoli e dal design unico.<br \/>\nGuarda i nostri lavori e richiedi un preventivo gratuito o scrivici nella chat!<\/p>\n<p>&nbsp;<\/p>\n<p><a href=\"https:\/\/fmgraphicdesign.it\/shop\/wp-content\/uploads\/2022\/05\/zermat_esempio2-1.png\" data-wp-editing=\"1\"><img decoding=\"async\" class=\"aligncenter wp-image-5125 size-medium\" title=\"zerbino con logo\" src=\"https:\/\/fmgraphicdesign.it\/shop\/wp-content\/uploads\/2022\/05\/zermat_esempio2-1-300x225.png\" alt=\"\" width=\"300\" height=\"225\" srcset=\"https:\/\/fmgraphicdesign.it\/shop\/wp-content\/uploads\/2022\/05\/zermat_esempio2-1-300x225.png 300w, https:\/\/fmgraphicdesign.it\/shop\/wp-content\/uploads\/2022\/05\/zermat_esempio2-1-600x450.png 600w, https:\/\/fmgraphicdesign.it\/shop\/wp-content\/uploads\/2022\/05\/zermat_esempio2-1-1024x768.png 1024w, https:\/\/fmgraphicdesign.it\/shop\/wp-content\/uploads\/2022\/05\/zermat_esempio2-1-768x576.png 768w, https:\/\/fmgraphicdesign.it\/shop\/wp-content\/uploads\/2022\/05\/zermat_esempio2-1-1536x1152.png 1536w, https:\/\/fmgraphicdesign.it\/shop\/wp-content\/uploads\/2022\/05\/zermat_esempio2-1-1320x990.png 1320w, https:\/\/fmgraphicdesign.it\/shop\/wp-content\/uploads\/2022\/05\/zermat_esempio2-1-64x48.png 64w, https:\/\/fmgraphicdesign.it\/shop\/wp-content\/uploads\/2022\/05\/zermat_esempio2-1-120x90.png 120w, https:\/\/fmgraphicdesign.it\/shop\/wp-content\/uploads\/2022\/05\/zermat_esempio2-1.png 2000w\" sizes=\"(max-width: 300px) 100vw, 300px\" \/><\/a><\/p>\n<p>&nbsp;<\/p>\n<p>&nbsp;<\/p>\n<section id=\"tag_cloud-3\" class=\"widget widget_tag_cloud\">\n<div class=\"tagcloud\">\n<h2 style=\"text-align: center;\"><a class=\"tag-cloud-link tag-link-104 tag-link-position-7\" style=\"font-size: 15.179487179487pt; background-color: #2e3c54; color: #ffffff;\" href=\"https:\/\/fmgraphicdesign.it\/shop\/richiesta-informazioni-zerbini\/\" aria-label=\"targhe (4 elementi)\">RICHIEDI UN PREVENTIVO<\/a><\/h2>\n<\/div>\n<\/section>\n<section id=\"tag_cloud-3\" class=\"widget widget_tag_cloud\">\n<div class=\"tagcloud\" style=\"text-align: center;\"><\/div>\n<\/section>\n<p>&nbsp;<\/p>\n<p>&nbsp;<\/p>\n<h2>Asciugapassi Personalizzati<\/h2>\n<p>Offriamo anche diverse soluzioni, ad esempio, per loghi complicati, realizziamo asciugapassi stampati da interno e da esterno. Grazie alla stampa potrai realizzare il tuo logo personalizzato.<\/p>\n<p>Gli asciugapassi da interno, in Nylon ad alta torsione, hanno uno spessore di 7mm. Si tratta di tappeti di qualit\u00e0 e garantiti 2 anni. Inoltre, per ambienti esterni, abbiamo gli asciugapassi da esterno con uno spessore di 8mm. Resistenti alle intemperie e duraturi, sono garantiti 2 anni.<\/p>\n<p>Con questi tappeti hai una soluzione per loghi complicati. Abbiamo delle soluzioni pi\u00f9 economiche se si scelgono delle misure standard.<\/p>\n<p>&nbsp;<\/p>\n<h2>Tappeti su misura<\/h2>\n<p>Proponiamo zerbini con logo personalizzati artigianali, ci\u00f2 permetter\u00e0 di essere fedeli nei minimi dettagli nella creazione di scritte e loghi.<\/p>\n<p>Scegli la qualit\u00e0, non fossilizzarti solo sul prezzo. Spesso si guarda al prezzo senza pensare ad alcuni aspetti. E&#8217; vero che alcuni prodotti sono meno cari, ma quanto durano effettivamente. Un tappeto di bassa qualit\u00e0 dura 1-2 anni, rispetto ad uno di qualit\u00e0 che pu\u00f2 durare anche pi\u00f9 di 10 anni. La bassa spesa \u00e8 giustificata? Dovrei spendere 4 volte la spesa iniziale!<\/p>\n<p>Realizziamo ogni tipo di zerbino con logo, quindi, chiamaci al 3473341114 per richiedere un preventivo gratuito.<\/p>\n<p>FM Graphic Design\u00a0 \u00e8 garanzia di stile e design.<\/p>\n<p style=\"text-align: center;\"><a href=\"https:\/\/fmgraphicdesign.it\/shop\/wp-content\/uploads\/2021\/07\/6be3b9aa-dad2-41da-81f9-ece6b7eab2ea_prev_ui.png\"><img loading=\"lazy\" decoding=\"async\" class=\"alignnone size-medium wp-image-6209\" src=\"https:\/\/fmgraphicdesign.it\/shop\/wp-content\/uploads\/2021\/07\/6be3b9aa-dad2-41da-81f9-ece6b7eab2ea_prev_ui-300x225.png\" alt=\"zerbino personalizzato\" width=\"300\" height=\"225\" srcset=\"https:\/\/fmgraphicdesign.it\/shop\/wp-content\/uploads\/2021\/07\/6be3b9aa-dad2-41da-81f9-ece6b7eab2ea_prev_ui-300x225.png 300w, https:\/\/fmgraphicdesign.it\/shop\/wp-content\/uploads\/2021\/07\/6be3b9aa-dad2-41da-81f9-ece6b7eab2ea_prev_ui-64x48.png 64w, https:\/\/fmgraphicdesign.it\/shop\/wp-content\/uploads\/2021\/07\/6be3b9aa-dad2-41da-81f9-ece6b7eab2ea_prev_ui-120x90.png 120w, https:\/\/fmgraphicdesign.it\/shop\/wp-content\/uploads\/2021\/07\/6be3b9aa-dad2-41da-81f9-ece6b7eab2ea_prev_ui.png 577w\" sizes=\"(max-width: 300px) 100vw, 300px\" \/><\/a><\/p>\n<h2><a href=\"https:\/\/fmgraphicdesign.it\/shop\/prodotto\/zerbino-personalizzato\/\">Guarda gli Zerbini<\/a><\/h2>\n<p>&nbsp;<\/p>\n<p>&nbsp;<\/p>\n<p>&nbsp;<\/p>\n","protected":false},"excerpt":{"rendered":"<p>Zerbino con logo, Zerbini Personalizzati Realizziamo zerbini personalizzati con logo, sia artigianali che stampati. Lo zerbino con logo, che garantisce 700\/800 passaggi giornalieri, \u00e8 raccomandato per tutti i tipi di agenti atmosferici. Utilizziamo materiali di qualit\u00e0 professionale. I nostri tappeti sono particolarmente adatti per negozi, uffici, negozi, centri commerciali, hotel, ristoranti, agenzie immobiliari, uffici di [&hellip;]<\/p>\n","protected":false},"author":1,"featured_media":5128,"parent":0,"menu_order":0,"comment_status":"closed","ping_status":"closed","template":"elementor_header_footer","meta":{"footnotes":""},"class_list":["post-5343","page","type-page","status-publish","has-post-thumbnail"],"_links":{"self":[{"href":"https:\/\/fmgraphicdesign.it\/shop\/wp-json\/wp\/v2\/pages\/5343","targetHints":{"allow":["GET"]}}],"collection":[{"href":"https:\/\/fmgraphicdesign.it\/shop\/wp-json\/wp\/v2\/pages"}],"about":[{"href":"https:\/\/fmgraphicdesign.it\/shop\/wp-json\/wp\/v2\/types\/page"}],"author":[{"embeddable":true,"href":"https:\/\/fmgraphicdesign.it\/shop\/wp-json\/wp\/v2\/users\/1"}],"replies":[{"embeddable":true,"href":"https:\/\/fmgraphicdesign.it\/shop\/wp-json\/wp\/v2\/comments?post=5343"}],"version-history":[{"count":10,"href":"https:\/\/fmgraphicdesign.it\/shop\/wp-json\/wp\/v2\/pages\/5343\/revisions"}],"predecessor-version":[{"id":10391,"href":"https:\/\/fmgraphicdesign.it\/shop\/wp-json\/wp\/v2\/pages\/5343\/revisions\/10391"}],"wp:featuredmedia":[{"embeddable":true,"href":"https:\/\/fmgraphicdesign.it\/shop\/wp-json\/wp\/v2\/media\/5128"}],"wp:attachment":[{"href":"https:\/\/fmgraphicdesign.it\/shop\/wp-json\/wp\/v2\/media?parent=5343"}],"curies":[{"name":"wp","href":"https:\/\/api.w.org\/{rel}","templated":true}]}}