{"id":2992,"date":"2021-11-25T10:41:34","date_gmt":"2021-11-25T09:41:34","guid":{"rendered":"https:\/\/fmgraphicdesign.it\/shop\/?page_id=2992"},"modified":"2022-10-21T11:41:52","modified_gmt":"2022-10-21T09:41:52","slug":"scritte-3d","status":"publish","type":"page","link":"https:\/\/fmgraphicdesign.it\/shop\/scritte-3d\/","title":{"rendered":"Scritte 3d"},"content":{"rendered":"<p><img fetchpriority=\"high\" decoding=\"async\" class=\"wp-image-515 size-medium aligncenter\" title=\"scritte personalizzate adesive\" src=\"https:\/\/fmgraphicdesign.it\/shop\/wp-content\/uploads\/2021\/05\/Lettere-MDF-Stampato-300x225.png\" alt=\"scritte 3d\" width=\"300\" height=\"225\" srcset=\"https:\/\/fmgraphicdesign.it\/shop\/wp-content\/uploads\/2021\/05\/Lettere-MDF-Stampato-300x225.png 300w, https:\/\/fmgraphicdesign.it\/shop\/wp-content\/uploads\/2021\/05\/Lettere-MDF-Stampato.png 400w\" sizes=\"(max-width: 300px) 100vw, 300px\" \/><\/p>\n<h3><em>Scritte 3d, Scritte Personalizzate<\/em><\/h3>\n<p>FM Graphic Design \u00e8 specializzata nella realizzazione di scritte personalizzate in <a href=\"https:\/\/it.wikipedia.org\/wiki\/Polimetilmetacrilato\" target=\"_blank\" rel=\"noopener\">plexiglass<\/a>, mdf, mdf stampato.\u00a0Vuoi dare un tocco di eleganza e design al tuo ufficio o la tua casa?<\/p>\n<p>Scegli la tua frase o il tuo pensiero e applicalo facilmente alla tua parete.\u00a0Le scritte 3d realizzate in plexiglass specchiato hanno una base di legno MDF di spessore pari a 8 mm.<\/p>\n<p>&nbsp;<\/p>\n<h3>Loghi Personalizzati<\/h3>\n<p>Realizziamo anche loghi personalizzati di ogni tipo (anche sagomati).<\/p>\n<p>&nbsp;<\/p>\n<p>&nbsp;<\/p>\n<p><img decoding=\"async\" class=\"aligncenter wp-image-2873 size-medium\" title=\"scritte 3d\" src=\"https:\/\/fmgraphicdesign.it\/shop\/wp-content\/uploads\/2021\/05\/rep_dom-300x166.jpg\" alt=\"\" width=\"300\" height=\"166\" srcset=\"https:\/\/fmgraphicdesign.it\/shop\/wp-content\/uploads\/2021\/05\/rep_dom-300x166.jpg 300w, https:\/\/fmgraphicdesign.it\/shop\/wp-content\/uploads\/2021\/05\/rep_dom-600x331.jpg 600w, https:\/\/fmgraphicdesign.it\/shop\/wp-content\/uploads\/2021\/05\/rep_dom-1024x565.jpg 1024w, https:\/\/fmgraphicdesign.it\/shop\/wp-content\/uploads\/2021\/05\/rep_dom-768x424.jpg 768w, https:\/\/fmgraphicdesign.it\/shop\/wp-content\/uploads\/2021\/05\/rep_dom-163x90.jpg 163w, https:\/\/fmgraphicdesign.it\/shop\/wp-content\/uploads\/2021\/05\/rep_dom-1320x729.jpg 1320w, https:\/\/fmgraphicdesign.it\/shop\/wp-content\/uploads\/2021\/05\/rep_dom.jpg 1326w\" sizes=\"(max-width: 300px) 100vw, 300px\" \/><\/p>\n<h3><\/h3>\n<h3>Scritte Personalizzate in Plexiglass Specchiato, mdf e mdf stampato<\/h3>\n<p>Le Scritte 3D sono di facile appicazione alle pareti del tuo ufficio, negozio o della tua casa. Esse possono dare visibilit\u00e0 al tuo marchio, per esempio con la realizzazione di loghi su misura (anche sagomati, oppure possono dare un tocco di stile al tuo arredamento\/ambiente.<\/p>\n<p>Le scritte risultano molto eleganti e con quell&#8217;effetto 3d molto gradevole. Utilizziamo esclusivamente materiali duraturi e di qualit\u00e0.<\/p>\n<div class=\"wp-gr rpi wpac\" data-id=\"ChIJByc2x-FsiEcR_op7yvhaLLc\" data-layout=\"list\" data-exec=\"false\" data-options='{&quot;text_size&quot;:&quot;25&quot;,&quot;trans&quot;:{&quot;read more&quot;:&quot;leggi tutto&quot;}}'><svg xmlns=\"http:\/\/www.w3.org\/2000\/svg\" style=\"display:none!important\"><symbol id=\"grw-tripadvisor\" viewBox=\"0 0 713.496 713.496\"><g><circle fill=\"#34E0A1\" cx=\"356.749\" cy=\"356.748\" r=\"356.748\"\/><path d=\"M577.095,287.152l43.049-46.836h-95.465c-47.792-32.646-105.51-51.659-167.931-51.659   c-62.342,0-119.899,19.054-167.612,51.659H93.432l43.049,46.836c-26.387,24.075-42.929,58.754-42.929,97.259   c0,72.665,58.914,131.578,131.579,131.578c34.519,0,65.968-13.313,89.446-35.077l42.172,45.919l42.172-45.879   c23.478,21.764,54.887,35.037,89.406,35.037c72.665,0,131.658-58.913,131.658-131.578   C620.024,345.866,603.483,311.188,577.095,287.152z M225.17,473.458c-49.188,0-89.047-39.859-89.047-89.047   s39.86-89.048,89.047-89.048c49.187,0,89.047,39.86,89.047,89.048S274.357,473.458,225.17,473.458z M356.788,381.82   c0-58.595-42.61-108.898-98.853-130.383c30.413-12.716,63.776-19.771,98.813-19.771s68.439,7.055,98.853,19.771   C399.399,272.962,356.788,323.226,356.788,381.82z M488.367,473.458c-49.188,0-89.048-39.859-89.048-89.047   s39.86-89.048,89.048-89.048s89.047,39.86,89.047,89.048S537.554,473.458,488.367,473.458z M488.367,337.694   c-25.79,0-46.677,20.887-46.677,46.677c0,25.789,20.887,46.676,46.677,46.676c25.789,0,46.676-20.887,46.676-46.676   C535.042,358.621,514.156,337.694,488.367,337.694z M271.846,384.411c0,25.789-20.887,46.676-46.676,46.676   s-46.676-20.887-46.676-46.676c0-25.79,20.887-46.677,46.676-46.677C250.959,337.694,271.846,358.621,271.846,384.411z\"\/><\/g><\/symbol><symbol id=\"grw-google\" viewBox=\"0 0 512 512\"><g fill=\"none\" fill-rule=\"evenodd\"><path d=\"M482.56 261.36c0-16.73-1.5-32.83-4.29-48.27H256v91.29h127.01c-5.47 29.5-22.1 54.49-47.09 71.23v59.21h76.27c44.63-41.09 70.37-101.59 70.37-173.46z\" fill=\"#4285f4\"\/><path d=\"M256 492c63.72 0 117.14-21.13 156.19-57.18l-76.27-59.21c-21.13 14.16-48.17 22.53-79.92 22.53-61.47 0-113.49-41.51-132.05-97.3H45.1v61.15c38.83 77.13 118.64 130.01 210.9 130.01z\" fill=\"#34a853\"\/><path d=\"M123.95 300.84c-4.72-14.16-7.4-29.29-7.4-44.84s2.68-30.68 7.4-44.84V150.01H45.1C29.12 181.87 20 217.92 20 256c0 38.08 9.12 74.13 25.1 105.99l78.85-61.15z\" fill=\"#fbbc05\"\/><path d=\"M256 113.86c34.65 0 65.76 11.91 90.22 35.29l67.69-67.69C373.03 43.39 319.61 20 256 20c-92.25 0-172.07 52.89-210.9 130.01l78.85 61.15c18.56-55.78 70.59-97.3 132.05-97.3z\" fill=\"#ea4335\"\/><path d=\"M20 20h472v472H20V20z\"\/><\/g><\/symbol><\/svg><div class=\"wp-google-list\"><div class=\"grw-header\"><div class=\"grw-header-inner rpi-flx rpi-row12\"><div class=\"grw-img-wrap\"><img loading=\"lazy\" decoding=\"async\" class=\"grw-img\" src=\"https:\/\/fmgraphicdesign.it\/shop\/wp-content\/uploads\/2021\/06\/cropped-Fm-Logo-Sho.png\" loading=\"lazy\" alt=\"FM Graphic Design snc place picture\" width=\"50\" height=\"50\" onerror=\"if(this.src!='data:image\/gif;base64,R0lGODlhAQABAIAAAAAAAP\/\/\/yH5BAEAAAAALAAAAAABAAEAAAIBRAA7')this.src='data:image\/gif;base64,R0lGODlhAQABAIAAAAAAAP\/\/\/yH5BAEAAAAALAAAAAABAAEAAAIBRAA7';\" ><\/div><div class=\"rpi-flx rpi-col8\"><div class=\"wp-google-name\"><a href=\"https:\/\/maps.google.com\/?cid=13199024632511564542\" target=\"_blank\" rel=\"nofollow noopener\">FM Graphic Design snc<\/a><\/div><span class=\"rpi-stars\" style=\"--rating:5.0\">5.0<\/span><div class=\"wp-google-based\">Basato su 60 recensioni<\/div><div class=\"wp-google-powered\">powered by <span><span style=\"color:#3c6df0!important\">G<\/span><span style=\"color:#d93025!important\">o<\/span><span style=\"color:#fb8e28!important\">o<\/span><span style=\"color:#3c6df0!important\">g<\/span><span style=\"color:#188038!important\">l<\/span><span style=\"color:#d93025!important\">e<\/span><\/span><\/div><div class=\"wp-google-wr\"><a href=\"https:\/\/search.google.com\/local\/writereview?placeid=ChIJByc2x-FsiEcR_op7yvhaLLc\" target=\"_blank\" rel=\"nofollow noopener\" onclick=\"return rplg_leave_review_window.call(this)\">lascia una recensione su<svg height=\"16\" width=\"16\" role=\"none\"><use href=\"#grw-google\"><\/use><\/svg><\/a><\/div><\/div><\/div><\/div><\/div><\/div>\n<section id=\"tag_cloud-3\" class=\"widget widget_tag_cloud\">\n<div class=\"tagcloud\">\n<p style=\"text-align: center;\"><a class=\"tag-cloud-link tag-link-104 tag-link-position-7\" style=\"font-size: 15.179487179487pt; background-color: #2e3c54; color: #ffffff;\" href=\"https:\/\/fmgraphicdesign.it\/shop\/categoria-prodotto\/scritte-3d-da-parete\/\" aria-label=\"targhe (4 elementi)\">Guarda le tipologie di Scritte<\/a><\/p>\n<\/div>\n<\/section>\n<p>Realizziamo scritte di ogni tipo, a seconda della tua immagine aziendale o anche del tuo stile in casa.<br \/>\nRichiedi un preventivo gratuito relativo alle scritte personalizzate da muro o contattaci nella chat! Chiama il 3473341114 e ricevi la consulenza di un nostro esperto.<\/p>\n<p>&nbsp;<\/p>\n<p><img decoding=\"async\" class=\"wp-image-516 size-medium aligncenter\" title=\"scritte personalizzate adesive\" src=\"https:\/\/fmgraphicdesign.it\/shop\/wp-content\/uploads\/2021\/05\/Lettere-MDF-Specchio-300x225.png\" alt=\"scritte 3d\" width=\"300\" height=\"225\" srcset=\"https:\/\/fmgraphicdesign.it\/shop\/wp-content\/uploads\/2021\/05\/Lettere-MDF-Specchio-300x225.png 300w, https:\/\/fmgraphicdesign.it\/shop\/wp-content\/uploads\/2021\/05\/Lettere-MDF-Specchio.png 400w\" sizes=\"(max-width: 300px) 100vw, 300px\" \/><\/p>\n<p>&nbsp;<\/p>\n<p>&nbsp;<\/p>\n<section id=\"tag_cloud-3\" class=\"widget widget_tag_cloud\">\n<div class=\"tagcloud\" style=\"text-align: center;\">RICHIEDI UN PREVENTIVO<\/div>\n<\/section>\n<p>&nbsp;<\/p>\n<h4><\/h4>\n<h4><\/h4>\n<p><center><u><u><span style=\"color: green; font-size: large;\"><div class='yrm-content yrm-content-1 yrm-content-hide  ' id='yrm-gBiVp' data-id='1' data-show-status='false' data-after-action='' style=\"visibility: hidden;height: 0;\">\n\t\t\t<div id='yrm-inner-content-yrm-gBiVp' class='yrm-inner-content-wrapper yrm-cntent-1'><\/span><\/u><\/u><center><iframe title=\"Scritte in Rilievo\" width=\"400\" height=\"225\" src=\"https:\/\/www.youtube.com\/embed\/mJHNpf8_tFc?feature=oembed\" frameborder=\"0\" allow=\"accelerometer; autoplay; clipboard-write; encrypted-media; gyroscope; picture-in-picture\" allowfullscreen><\/iframe><\/p>\n<p>&nbsp;<\/p>\n<p>&nbsp;<\/p>\n<p>&nbsp;<\/p>\n<p>&nbsp;<\/p>\n<p>&nbsp;<\/p>\n<p>&nbsp;<\/p>\n<p>&nbsp;<\/p>\n<p>&nbsp;<\/p>\n<p>&nbsp;<\/p>\n<p>&nbsp;<\/p>\n<p>&nbsp;<\/p>\n<p>&nbsp;<\/p>\n<p>&nbsp;<\/p>\n<p>&nbsp;<\/p>\n<p>&nbsp;<\/p>\n<p><\/center><u><span style=\"color: green; font-size: large;\"><\/div>\n\t\t<\/div><div class='yrm-btn-wrapper yrm-inline-wrapper yrm-btn-wrapper-1  yrm-more-button-wrapper '><span title='' data-less-title='' data-more-title=''  class='yrm-toggle-expand  yrm-toggle-expand-1' data-rel='yrm-gBiVp' data-more=' \u2714 COME SI APPLICA A PARETE? (clicca qui)' data-less='Leggi meno' style='border: none; width: 100%;'><span class=\"yrm-button-text-1 yrm-button-text-span\"> \u2714 COME SI APPLICA A PARETE? (clicca qui)<\/span><\/span><\/div><\/span><\/u><\/center><center><u><u><span style=\"color: green; font-size: large;\"><div class='yrm-content yrm-content-1 yrm-content-hide  ' id='yrm-kT8nE' data-id='1' data-show-status='false' data-after-action='' style=\"visibility: hidden;height: 0;\">\n\t\t\t<div id='yrm-inner-content-yrm-kT8nE' class='yrm-inner-content-wrapper yrm-cntent-1'><\/span><\/u><\/u><center><a href=\"https:\/\/www.facebook.com\/watch\/?v=441193496959740\" target=\"_blank\" rel=\"noopener\">https:\/\/www.facebook.com\/watch\/?v=441193496959740<\/a><\/p>\n<p>&nbsp;<\/p>\n<p>&nbsp;<\/p>\n<p>&nbsp;<\/p>\n<p>&nbsp;<\/p>\n<p>&nbsp;<\/p>\n<p>&nbsp;<\/p>\n<p>&nbsp;<\/p>\n<p>&nbsp;<\/p>\n<p>&nbsp;<\/p>\n<p>&nbsp;<\/p>\n<p>&nbsp;<\/p>\n<p>&nbsp;<\/p>\n<p>&nbsp;<\/p>\n<p>&nbsp;<\/p>\n<p>&nbsp;<\/p>\n<p><\/center><u><span style=\"color: green; font-size: large;\"><\/div>\n\t\t<\/div><div class='yrm-btn-wrapper yrm-inline-wrapper yrm-btn-wrapper-1  yrm-more-button-wrapper '><span title='' data-less-title='' data-more-title=''  class='yrm-toggle-expand  yrm-toggle-expand-1' data-rel='yrm-kT8nE' data-more=' \u2714 COME TAGLIAMO A LASER (clicca qui)' data-less='Leggi meno' style='border: none; width: 100%;'><span class=\"yrm-button-text-1 yrm-button-text-span\"> \u2714 COME TAGLIAMO A LASER (clicca qui)<\/span><\/span><\/div><\/span><\/u><\/center>&nbsp;<\/p>\n<h4>Lettere adesive per muro &#8211; Scritte in Rilievo<\/h4>\n<p>Richiedi un preventivo gratuito personalizzato o chiama il 3473341114.<\/p>\n<p>Vuoi dare stile alla tua parete? Pensa alla tua scritta o alla tua frase, l&#8217;applicazione \u00e8 molto semplice.<\/p>\n<p>L&#8217;effetto in rilievo \u00e8 molto gradevole sia per ambienti lavorativi, uffici, negozi e anche per la casa. Utilizziamo materiali di qualit\u00e0 e adesivi di qualit\u00e0. Puoi scegliere tra plexiglass specchiato e opalino, mdf e mdf stampato.<\/p>\n<p>Se cerchi qualcosa di originale e dal design unico, allora le scritte personalizzate sono ideali! Innovazione e stile sono sempre al centro dei nostri pensieri.<\/p>\n<p>Chiamaci o richiedi un preventivo gratuito.<\/p>\n<p>&nbsp;<\/p>\n<p>&nbsp;<\/p>\n<p>&nbsp;<\/p>\n<p>&nbsp;<\/p>\n","protected":false},"excerpt":{"rendered":"<p>Scritte 3d, Scritte Personalizzate FM Graphic Design \u00e8 specializzata nella realizzazione di scritte personalizzate in plexiglass, mdf, mdf stampato.\u00a0Vuoi dare un tocco di eleganza e design al tuo ufficio o la tua casa? Scegli la tua frase o il tuo pensiero e applicalo facilmente alla tua parete.\u00a0Le scritte 3d realizzate in plexiglass specchiato hanno una [&hellip;]<\/p>\n","protected":false},"author":1,"featured_media":2419,"parent":0,"menu_order":0,"comment_status":"closed","ping_status":"closed","template":"elementor_header_footer","meta":{"footnotes":""},"class_list":["post-2992","page","type-page","status-publish","has-post-thumbnail"],"_links":{"self":[{"href":"https:\/\/fmgraphicdesign.it\/shop\/wp-json\/wp\/v2\/pages\/2992","targetHints":{"allow":["GET"]}}],"collection":[{"href":"https:\/\/fmgraphicdesign.it\/shop\/wp-json\/wp\/v2\/pages"}],"about":[{"href":"https:\/\/fmgraphicdesign.it\/shop\/wp-json\/wp\/v2\/types\/page"}],"author":[{"embeddable":true,"href":"https:\/\/fmgraphicdesign.it\/shop\/wp-json\/wp\/v2\/users\/1"}],"replies":[{"embeddable":true,"href":"https:\/\/fmgraphicdesign.it\/shop\/wp-json\/wp\/v2\/comments?post=2992"}],"version-history":[{"count":10,"href":"https:\/\/fmgraphicdesign.it\/shop\/wp-json\/wp\/v2\/pages\/2992\/revisions"}],"predecessor-version":[{"id":6989,"href":"https:\/\/fmgraphicdesign.it\/shop\/wp-json\/wp\/v2\/pages\/2992\/revisions\/6989"}],"wp:featuredmedia":[{"embeddable":true,"href":"https:\/\/fmgraphicdesign.it\/shop\/wp-json\/wp\/v2\/media\/2419"}],"wp:attachment":[{"href":"https:\/\/fmgraphicdesign.it\/shop\/wp-json\/wp\/v2\/media?parent=2992"}],"curies":[{"name":"wp","href":"https:\/\/api.w.org\/{rel}","templated":true}]}}